{"id":2291,"date":"2024-07-06T02:36:07","date_gmt":"2024-07-06T02:36:07","guid":{"rendered":"https:\/\/ns-gold.com\/?post_type=product&#038;p=2291"},"modified":"2024-12-09T01:37:04","modified_gmt":"2024-12-09T01:37:04","slug":"inglaterra-50-libras-2010-alan-turing-p393b","status":"publish","type":"product","link":"https:\/\/ns-gold.com\/index.php\/product\/inglaterra-50-libras-2010-alan-turing-p393b\/","title":{"rendered":"Inglaterra 50 Libras 2020 Alan Turing P#397"},"content":{"rendered":"","protected":false},"excerpt":{"rendered":"<p><b>Inglaterra<\/b><\/p>\n<p>Valor: 50 Libras<\/p>\n<p>A\u00f1o: 2020<\/p>\n<p>Pol\u00edmero<\/p>\n<p>P#397<\/p>\n<p><b>Alan Mathison Turing<\/b>\u00a0(<a title=\"Paddington\" href=\"https:\/\/es.wikipedia.org\/wiki\/Paddington\">Paddington<\/a>,\u00a0<a title=\"Londres\" href=\"https:\/\/es.wikipedia.org\/wiki\/Londres\">Londres<\/a>; 23 de junio de 1912-<a title=\"Wilmslow\" href=\"https:\/\/es.wikipedia.org\/wiki\/Wilmslow\">Wilmslow<\/a>,\u00a0<a title=\"Cheshire\" href=\"https:\/\/es.wikipedia.org\/wiki\/Cheshire\">Cheshire<\/a>; 7 de junio de 1954) fue un\u00a0<a title=\"Matem\u00e1tico\" href=\"https:\/\/es.wikipedia.org\/wiki\/Matem%C3%A1tico\">matem\u00e1tico<\/a>,\u00a0<a class=\"mw-redirect\" title=\"L\u00f3gico\" href=\"https:\/\/es.wikipedia.org\/wiki\/L%C3%B3gico\">l\u00f3gico<\/a>,\u00a0<a title=\"Inform\u00e1tico te\u00f3rico\" href=\"https:\/\/es.wikipedia.org\/wiki\/Inform%C3%A1tico_te%C3%B3rico\">inform\u00e1tico te\u00f3rico<\/a>,\u00a0<a class=\"mw-redirect\" title=\"Cript\u00f3grafo\" href=\"https:\/\/es.wikipedia.org\/wiki\/Cript%C3%B3grafo\">cript\u00f3grafo<\/a>,\u00a0<a class=\"mw-redirect\" title=\"Fil\u00f3sofo\" href=\"https:\/\/es.wikipedia.org\/wiki\/Fil%C3%B3sofo\">fil\u00f3sofo<\/a>\u00a0y\u00a0<a title=\"Biolog\u00eda te\u00f3rica\" href=\"https:\/\/es.wikipedia.org\/wiki\/Biolog%C3%ADa_te%C3%B3rica\">bi\u00f3logo te\u00f3rico<\/a>\u00a0<a title=\"Reino Unido\" href=\"https:\/\/es.wikipedia.org\/wiki\/Reino_Unido\">brit\u00e1nico<\/a>.<sup id=\"cite_ref-1\" class=\"reference separada\"><a href=\"https:\/\/es.wikipedia.org\/wiki\/Alan_Turing#cite_note-1\">1<\/a><\/sup>\u200b<sup id=\"cite_ref-2\" class=\"reference separada\"><a href=\"https:\/\/es.wikipedia.org\/wiki\/Alan_Turing#cite_note-2\">2<\/a><\/sup>\u200b<sup id=\"cite_ref-3\" class=\"reference separada\"><a href=\"https:\/\/es.wikipedia.org\/wiki\/Alan_Turing#cite_note-3\">3<\/a><\/sup>\u200b<sup id=\"cite_ref-4\" class=\"reference separada\"><a href=\"https:\/\/es.wikipedia.org\/wiki\/Alan_Turing#cite_note-4\">4<\/a><\/sup>\u200b<sup id=\"cite_ref-5\" class=\"reference separada\"><a href=\"https:\/\/es.wikipedia.org\/wiki\/Alan_Turing#cite_note-5\">5<\/a><\/sup>\u200b<\/p>\n<p>Es considerado como uno de los padres de la\u00a0<a title=\"Ciencias de la computaci\u00f3n\" href=\"https:\/\/es.wikipedia.org\/wiki\/Ciencias_de_la_computaci%C3%B3n\">ciencia de la computaci\u00f3n<\/a>\u00a0y precursor de la\u00a0<a title=\"Inform\u00e1tica\" href=\"https:\/\/es.wikipedia.org\/wiki\/Inform%C3%A1tica\">inform\u00e1tica<\/a>\u00a0moderna. Proporcion\u00f3 una formalizaci\u00f3n influyente de los conceptos de\u00a0<a title=\"Algoritmo\" href=\"https:\/\/es.wikipedia.org\/wiki\/Algoritmo\">algoritmo<\/a>\u00a0y computaci\u00f3n: la\u00a0<a title=\"M\u00e1quina de Turing\" href=\"https:\/\/es.wikipedia.org\/wiki\/M%C3%A1quina_de_Turing\">m\u00e1quina de Turing<\/a>. Formul\u00f3 su propia versi\u00f3n que hoy es ampliamente aceptada como la\u00a0<a title=\"Tesis de Church-Turing\" href=\"https:\/\/es.wikipedia.org\/wiki\/Tesis_de_Church-Turing\">tesis de Church-Turing<\/a>\u00a0(1936).<\/p>\n<p>Durante la\u00a0<a class=\"mw-redirect\" title=\"Segunda guerra mundial\" href=\"https:\/\/es.wikipedia.org\/wiki\/Segunda_guerra_mundial\">segunda guerra mundial<\/a>, trabaj\u00f3 en descifrar los c\u00f3digos\u00a0<a title=\"Nazismo\" href=\"https:\/\/es.wikipedia.org\/wiki\/Nazismo\">nazis<\/a>, particularmente los de la m\u00e1quina\u00a0<a title=\"Enigma (m\u00e1quina)\" href=\"https:\/\/es.wikipedia.org\/wiki\/Enigma_(m%C3%A1quina)\">Enigma<\/a>, y durante un tiempo fue el director de la secci\u00f3n Naval Enigma de\u00a0<a title=\"Bletchley Park\" href=\"https:\/\/es.wikipedia.org\/wiki\/Bletchley_Park\">Bletchley Park<\/a>. Se ha estimado que su trabajo acort\u00f3 la duraci\u00f3n de esa guerra entre dos y cuatro a\u00f1os.<sup id=\"cite_ref-6\" class=\"reference separada\"><a href=\"https:\/\/es.wikipedia.org\/wiki\/Alan_Turing#cite_note-6\">6<\/a><\/sup>\u200b Tras la guerra, dise\u00f1\u00f3 uno de los primeros computadores electr\u00f3nicos programables digitales en el\u00a0<a class=\"mw-redirect\" title=\"Laboratorio Nacional de F\u00edsica (Reino Unido)\" href=\"https:\/\/es.wikipedia.org\/wiki\/Laboratorio_Nacional_de_F%C3%ADsica_(Reino_Unido)\">Laboratorio Nacional de F\u00edsica<\/a>\u00a0del Reino Unido y poco tiempo despu\u00e9s construy\u00f3 otra de las primeras m\u00e1quinas en la\u00a0<a title=\"Universidad de M\u00e1nchester\" href=\"https:\/\/es.wikipedia.org\/wiki\/Universidad_de_M%C3%A1nchester\">Universidad de M\u00e1nchester<\/a>.<\/p>\n<p>En el campo de la\u00a0<a title=\"Inteligencia artificial\" href=\"https:\/\/es.wikipedia.org\/wiki\/Inteligencia_artificial\">inteligencia artificial<\/a>, es conocido sobre todo por la concepci\u00f3n de la\u00a0<a title=\"Prueba de Turing\" href=\"https:\/\/es.wikipedia.org\/wiki\/Prueba_de_Turing\">prueba de Turing<\/a>\u00a0(1950), un criterio seg\u00fan el cual puede juzgarse la inteligencia de una m\u00e1quina si sus respuestas en la prueba son indistinguibles de las de un ser humano.<\/p>\n<p>La carrera de Turing termin\u00f3 s\u00fabitamente tras ser procesado por homosexualidad en 1952. Dos a\u00f1os despu\u00e9s de su condena, muri\u00f3 \u2014seg\u00fan la versi\u00f3n oficial por suicidio; sin embargo, su muerte ha dado lugar a otras hip\u00f3tesis, incluida la del envenenamiento accidental \u2014. Despu\u00e9s de una campa\u00f1a p\u00fablica en 2009, el primer ministro brit\u00e1nico,\u00a0<a title=\"Gordon Brown\" href=\"https:\/\/es.wikipedia.org\/wiki\/Gordon_Brown\">Gordon Brown<\/a>, se disculp\u00f3 p\u00fablicamente en nombre del gobierno brit\u00e1nico por \u00abla forma espantosa en la que Turing hab\u00eda sido tratado\u00bb. La reina Isabel II le otorg\u00f3 un indulto p\u00f3stumo en 2013. El t\u00e9rmino \u00ab<a title=\"Ley Alan Turing\" href=\"https:\/\/es.wikipedia.org\/wiki\/Ley_Alan_Turing\">ley Alan Turing<\/a>\u00bb ahora se usa de manera informal para referirse a una ley de 2017 en el Reino Unido que perdona retroactivamente a hombres amonestados o condenados en virtud de la legislaci\u00f3n que prohib\u00eda los actos homosexuales.<sup id=\"cite_ref-real2_7-0\" class=\"reference separada\"><a href=\"https:\/\/es.wikipedia.org\/wiki\/Alan_Turing#cite_note-real2-7\">7<\/a><\/sup>\u200b<\/p>\n<p>Turing tiene un extenso legado con estatuas y muchas cosas que llevan su nombre, incluido un\u00a0<a title=\"Premio Turing\" href=\"https:\/\/es.wikipedia.org\/wiki\/Premio_Turing\">premio anual por innovaci\u00f3n en inform\u00e1tica<\/a>. Aparece en el billete actual de 50\u00a0<a title=\"Libra esterlina\" href=\"https:\/\/es.wikipedia.org\/wiki\/Libra_esterlina\">libras<\/a>\u00a0del\u00a0<a title=\"Banco de Inglaterra\" href=\"https:\/\/es.wikipedia.org\/wiki\/Banco_de_Inglaterra\">Banco de Inglaterra<\/a>,<sup id=\"cite_ref-8\" class=\"reference separada\"><a href=\"https:\/\/es.wikipedia.org\/wiki\/Alan_Turing#cite_note-8\">8<\/a><\/sup>\u200b que se lanz\u00f3 el 23 de junio de 2021, coincidiendo con su cumplea\u00f1os. Un programa de la\u00a0<a title=\"BBC\" href=\"https:\/\/es.wikipedia.org\/wiki\/BBC\">BBC<\/a>\u00a0de 2019, votado por la audiencia, lo nombr\u00f3 la persona m\u00e1s grande del siglo\u00a0xx.<sup id=\"cite_ref-9\" class=\"reference separada\"><a href=\"https:\/\/es.wikipedia.org\/wiki\/Alan_Turing#cite_note-9\">9<\/a><\/sup><\/p>\n<p>Fuente Wikipedia<\/p>\n","protected":false},"featured_media":2265,"template":"","meta":{"site-sidebar-layout":"default","site-content-layout":"default","ast-site-content-layout":"default","site-content-style":"default","site-sidebar-style":"default","ast-global-header-display":"","ast-banner-title-visibility":"","ast-main-header-display":"","ast-hfb-above-header-display":"","ast-hfb-below-header-display":"","ast-hfb-mobile-header-display":"","site-post-title":"","ast-breadcrumbs-content":"","ast-featured-img":"","footer-sml-layout":"","ast-disable-related-posts":"","theme-transparent-header-meta":"default","adv-header-id-meta":"","stick-header-meta":"","header-above-stick-meta":"","header-main-stick-meta":"","header-below-stick-meta":"","astra-migrate-meta-layouts":"default","ast-page-background-enabled":"default","ast-page-background-meta":{"desktop":{"background-color":"var(--ast-global-color-4)","background-image":"","background-repeat":"repeat","background-position":"center center","background-size":"auto","background-attachment":"scroll","background-type":"","background-media":"","overlay-type":"","overlay-color":"","overlay-opacity":"","overlay-gradient":""},"tablet":{"background-color":"","background-image":"","background-repeat":"repeat","background-position":"center center","background-size":"auto","background-attachment":"scroll","background-type":"","background-media":"","overlay-type":"","overlay-color":"","overlay-opacity":"","overlay-gradient":""},"mobile":{"background-color":"","background-image":"","background-repeat":"repeat","background-position":"center center","background-size":"auto","background-attachment":"scroll","background-type":"","background-media":"","overlay-type":"","overlay-color":"","overlay-opacity":"","overlay-gradient":""}},"ast-content-background-meta":{"desktop":{"background-color":"var(--ast-global-color-5)","background-image":"","background-repeat":"repeat","background-position":"center center","background-size":"auto","background-attachment":"scroll","background-type":"","background-media":"","overlay-type":"","overlay-color":"","overlay-opacity":"","overlay-gradient":""},"tablet":{"background-color":"var(--ast-global-color-5)","background-image":"","background-repeat":"repeat","background-position":"center center","background-size":"auto","background-attachment":"scroll","background-type":"","background-media":"","overlay-type":"","overlay-color":"","overlay-opacity":"","overlay-gradient":""},"mobile":{"background-color":"var(--ast-global-color-5)","background-image":"","background-repeat":"repeat","background-position":"center center","background-size":"auto","background-attachment":"scroll","background-type":"","background-media":"","overlay-type":"","overlay-color":"","overlay-opacity":"","overlay-gradient":""}}},"product_brand":[],"product_cat":[25,46],"product_tag":[450,422,62,329],"class_list":{"0":"post-2291","1":"product","2":"type-product","3":"status-publish","4":"has-post-thumbnail","6":"product_cat-billetes","7":"product_cat-reino-unido-billetes","8":"product_tag-alan-turing","9":"product_tag-billete-conmemorativo","10":"product_tag-inglaterra","11":"product_tag-polimero","12":"desktop-align-center","13":"tablet-align-left","14":"mobile-align-left","16":"first","17":"instock","18":"shipping-taxable","19":"purchasable","20":"product-type-simple"},"yoast_head":"<!-- This site is optimized with the Yoast SEO plugin v27.5 - https:\/\/yoast.com\/product\/yoast-seo-wordpress\/ -->\n<title>Inglaterra 50 Libras 2020 Alan Turing P#397 -<\/title>\n<meta name=\"robots\" content=\"index, follow, max-snippet:-1, max-image-preview:large, max-video-preview:-1\" \/>\n<link rel=\"canonical\" href=\"https:\/\/ns-gold.com\/index.php\/product\/inglaterra-50-libras-2010-alan-turing-p393b\/\" \/>\n<meta property=\"og:locale\" content=\"es_ES\" \/>\n<meta property=\"og:type\" content=\"article\" \/>\n<meta property=\"og:title\" content=\"Inglaterra 50 Libras 2020 Alan Turing P#397 -\" \/>\n<meta property=\"og:description\" content=\"Inglaterra  Valor: 50 Libras  A\u00f1o: 2020  Pol\u00edmero  P#397  Alan Mathison Turing\u00a0(Paddington,\u00a0Londres; 23 de junio de 1912-Wilmslow,\u00a0Cheshire; 7 de junio de 1954) fue un\u00a0matem\u00e1tico,\u00a0l\u00f3gico,\u00a0inform\u00e1tico te\u00f3rico,\u00a0cript\u00f3grafo,\u00a0fil\u00f3sofo\u00a0y\u00a0bi\u00f3logo te\u00f3rico\u00a0brit\u00e1nico.1\u200b2\u200b3\u200b4\u200b5\u200b  Es considerado como uno de los padres de la\u00a0ciencia de la computaci\u00f3n\u00a0y precursor de la\u00a0inform\u00e1tica\u00a0moderna. Proporcion\u00f3 una formalizaci\u00f3n influyente de los conceptos de\u00a0algoritmo\u00a0y computaci\u00f3n: la\u00a0m\u00e1quina de Turing. Formul\u00f3 su propia versi\u00f3n que hoy es ampliamente aceptada como la\u00a0tesis de Church-Turing\u00a0(1936).  Durante la\u00a0segunda guerra mundial, trabaj\u00f3 en descifrar los c\u00f3digos\u00a0nazis, particularmente los de la m\u00e1quina\u00a0Enigma, y durante un tiempo fue el director de la secci\u00f3n Naval Enigma de\u00a0Bletchley Park. Se ha estimado que su trabajo acort\u00f3 la duraci\u00f3n de esa guerra entre dos y cuatro a\u00f1os.6\u200b Tras la guerra, dise\u00f1\u00f3 uno de los primeros computadores electr\u00f3nicos programables digitales en el\u00a0Laboratorio Nacional de F\u00edsica\u00a0del Reino Unido y poco tiempo despu\u00e9s construy\u00f3 otra de las primeras m\u00e1quinas en la\u00a0Universidad de M\u00e1nchester.  En el campo de la\u00a0inteligencia artificial, es conocido sobre todo por la concepci\u00f3n de la\u00a0prueba de Turing\u00a0(1950), un criterio seg\u00fan el cual puede juzgarse la inteligencia de una m\u00e1quina si sus respuestas en la prueba son indistinguibles de las de un ser humano.  La carrera de Turing termin\u00f3 s\u00fabitamente tras ser procesado por homosexualidad en 1952. Dos a\u00f1os despu\u00e9s de su condena, muri\u00f3 \u2014seg\u00fan la versi\u00f3n oficial por suicidio; sin embargo, su muerte ha dado lugar a otras hip\u00f3tesis, incluida la del envenenamiento accidental \u2014. Despu\u00e9s de una campa\u00f1a p\u00fablica en 2009, el primer ministro brit\u00e1nico,\u00a0Gordon Brown, se disculp\u00f3 p\u00fablicamente en nombre del gobierno brit\u00e1nico por \u00abla forma espantosa en la que Turing hab\u00eda sido tratado\u00bb. La reina Isabel II le otorg\u00f3 un indulto p\u00f3stumo en 2013. El t\u00e9rmino \u00abley Alan Turing\u00bb ahora se usa de manera informal para referirse a una ley de 2017 en el Reino Unido que perdona retroactivamente a hombres amonestados o condenados en virtud de la legislaci\u00f3n que prohib\u00eda los actos homosexuales.7\u200b  Turing tiene un extenso legado con estatuas y muchas cosas que llevan su nombre, incluido un\u00a0premio anual por innovaci\u00f3n en inform\u00e1tica. Aparece en el billete actual de 50\u00a0libras\u00a0del\u00a0Banco de Inglaterra,8\u200b que se lanz\u00f3 el 23 de junio de 2021, coincidiendo con su cumplea\u00f1os. Un programa de la\u00a0BBC\u00a0de 2019, votado por la audiencia, lo nombr\u00f3 la persona m\u00e1s grande del siglo\u00a0xx.9  Fuente Wikipedia\" \/>\n<meta property=\"og:url\" content=\"https:\/\/ns-gold.com\/index.php\/product\/inglaterra-50-libras-2010-alan-turing-p393b\/\" \/>\n<meta property=\"article:modified_time\" content=\"2024-12-09T01:37:04+00:00\" \/>\n<meta property=\"og:image\" content=\"https:\/\/ns-gold.com\/wp-content\/uploads\/2024\/07\/Damian-Billetes-013Logo-Doble-.jpg\" \/>\n\t<meta property=\"og:image:width\" content=\"1280\" \/>\n\t<meta property=\"og:image:height\" content=\"1280\" \/>\n\t<meta property=\"og:image:type\" content=\"image\/jpeg\" \/>\n<meta name=\"twitter:card\" content=\"summary_large_image\" \/>\n<meta name=\"twitter:label1\" content=\"Tiempo de lectura\" \/>\n\t<meta name=\"twitter:data1\" content=\"1 minuto\" \/>\n<script type=\"application\/ld+json\" class=\"yoast-schema-graph\">{\"@context\":\"https:\\\/\\\/schema.org\",\"@graph\":[{\"@type\":\"WebPage\",\"@id\":\"https:\\\/\\\/ns-gold.com\\\/index.php\\\/product\\\/inglaterra-50-libras-2010-alan-turing-p393b\\\/\",\"url\":\"https:\\\/\\\/ns-gold.com\\\/index.php\\\/product\\\/inglaterra-50-libras-2010-alan-turing-p393b\\\/\",\"name\":\"Inglaterra 50 Libras 2020 Alan Turing P#397 -\",\"isPartOf\":{\"@id\":\"https:\\\/\\\/ns-gold.com\\\/#website\"},\"primaryImageOfPage\":{\"@id\":\"https:\\\/\\\/ns-gold.com\\\/index.php\\\/product\\\/inglaterra-50-libras-2010-alan-turing-p393b\\\/#primaryimage\"},\"image\":{\"@id\":\"https:\\\/\\\/ns-gold.com\\\/index.php\\\/product\\\/inglaterra-50-libras-2010-alan-turing-p393b\\\/#primaryimage\"},\"thumbnailUrl\":\"https:\\\/\\\/ns-gold.com\\\/wp-content\\\/uploads\\\/2024\\\/07\\\/Damian-Billetes-013Logo-Doble-.jpg\",\"datePublished\":\"2024-07-06T02:36:07+00:00\",\"dateModified\":\"2024-12-09T01:37:04+00:00\",\"breadcrumb\":{\"@id\":\"https:\\\/\\\/ns-gold.com\\\/index.php\\\/product\\\/inglaterra-50-libras-2010-alan-turing-p393b\\\/#breadcrumb\"},\"inLanguage\":\"es\",\"potentialAction\":[{\"@type\":\"ReadAction\",\"target\":[\"https:\\\/\\\/ns-gold.com\\\/index.php\\\/product\\\/inglaterra-50-libras-2010-alan-turing-p393b\\\/\"]}]},{\"@type\":\"ImageObject\",\"inLanguage\":\"es\",\"@id\":\"https:\\\/\\\/ns-gold.com\\\/index.php\\\/product\\\/inglaterra-50-libras-2010-alan-turing-p393b\\\/#primaryimage\",\"url\":\"https:\\\/\\\/ns-gold.com\\\/wp-content\\\/uploads\\\/2024\\\/07\\\/Damian-Billetes-013Logo-Doble-.jpg\",\"contentUrl\":\"https:\\\/\\\/ns-gold.com\\\/wp-content\\\/uploads\\\/2024\\\/07\\\/Damian-Billetes-013Logo-Doble-.jpg\",\"width\":1280,\"height\":1280},{\"@type\":\"BreadcrumbList\",\"@id\":\"https:\\\/\\\/ns-gold.com\\\/index.php\\\/product\\\/inglaterra-50-libras-2010-alan-turing-p393b\\\/#breadcrumb\",\"itemListElement\":[{\"@type\":\"ListItem\",\"position\":1,\"name\":\"Portada\",\"item\":\"https:\\\/\\\/ns-gold.com\\\/\"},{\"@type\":\"ListItem\",\"position\":2,\"name\":\"Tienda\",\"item\":\"https:\\\/\\\/ns-gold.com\\\/index.php\\\/shop\\\/\"},{\"@type\":\"ListItem\",\"position\":3,\"name\":\"Inglaterra 50 Libras 2020 Alan Turing P#397\"}]},{\"@type\":\"WebSite\",\"@id\":\"https:\\\/\\\/ns-gold.com\\\/#website\",\"url\":\"https:\\\/\\\/ns-gold.com\\\/\",\"name\":\"\",\"description\":\"\",\"potentialAction\":[{\"@type\":\"SearchAction\",\"target\":{\"@type\":\"EntryPoint\",\"urlTemplate\":\"https:\\\/\\\/ns-gold.com\\\/?s={search_term_string}\"},\"query-input\":{\"@type\":\"PropertyValueSpecification\",\"valueRequired\":true,\"valueName\":\"search_term_string\"}}],\"inLanguage\":\"es\"}]}<\/script>\n<!-- \/ Yoast SEO plugin. -->","yoast_head_json":{"title":"Inglaterra 50 Libras 2020 Alan Turing P#397 -","robots":{"index":"index","follow":"follow","max-snippet":"max-snippet:-1","max-image-preview":"max-image-preview:large","max-video-preview":"max-video-preview:-1"},"canonical":"https:\/\/ns-gold.com\/index.php\/product\/inglaterra-50-libras-2010-alan-turing-p393b\/","og_locale":"es_ES","og_type":"article","og_title":"Inglaterra 50 Libras 2020 Alan Turing P#397 -","og_description":"Inglaterra  Valor: 50 Libras  A\u00f1o: 2020  Pol\u00edmero  P#397  Alan Mathison Turing\u00a0(Paddington,\u00a0Londres; 23 de junio de 1912-Wilmslow,\u00a0Cheshire; 7 de junio de 1954) fue un\u00a0matem\u00e1tico,\u00a0l\u00f3gico,\u00a0inform\u00e1tico te\u00f3rico,\u00a0cript\u00f3grafo,\u00a0fil\u00f3sofo\u00a0y\u00a0bi\u00f3logo te\u00f3rico\u00a0brit\u00e1nico.1\u200b2\u200b3\u200b4\u200b5\u200b  Es considerado como uno de los padres de la\u00a0ciencia de la computaci\u00f3n\u00a0y precursor de la\u00a0inform\u00e1tica\u00a0moderna. Proporcion\u00f3 una formalizaci\u00f3n influyente de los conceptos de\u00a0algoritmo\u00a0y computaci\u00f3n: la\u00a0m\u00e1quina de Turing. Formul\u00f3 su propia versi\u00f3n que hoy es ampliamente aceptada como la\u00a0tesis de Church-Turing\u00a0(1936).  Durante la\u00a0segunda guerra mundial, trabaj\u00f3 en descifrar los c\u00f3digos\u00a0nazis, particularmente los de la m\u00e1quina\u00a0Enigma, y durante un tiempo fue el director de la secci\u00f3n Naval Enigma de\u00a0Bletchley Park. Se ha estimado que su trabajo acort\u00f3 la duraci\u00f3n de esa guerra entre dos y cuatro a\u00f1os.6\u200b Tras la guerra, dise\u00f1\u00f3 uno de los primeros computadores electr\u00f3nicos programables digitales en el\u00a0Laboratorio Nacional de F\u00edsica\u00a0del Reino Unido y poco tiempo despu\u00e9s construy\u00f3 otra de las primeras m\u00e1quinas en la\u00a0Universidad de M\u00e1nchester.  En el campo de la\u00a0inteligencia artificial, es conocido sobre todo por la concepci\u00f3n de la\u00a0prueba de Turing\u00a0(1950), un criterio seg\u00fan el cual puede juzgarse la inteligencia de una m\u00e1quina si sus respuestas en la prueba son indistinguibles de las de un ser humano.  La carrera de Turing termin\u00f3 s\u00fabitamente tras ser procesado por homosexualidad en 1952. Dos a\u00f1os despu\u00e9s de su condena, muri\u00f3 \u2014seg\u00fan la versi\u00f3n oficial por suicidio; sin embargo, su muerte ha dado lugar a otras hip\u00f3tesis, incluida la del envenenamiento accidental \u2014. Despu\u00e9s de una campa\u00f1a p\u00fablica en 2009, el primer ministro brit\u00e1nico,\u00a0Gordon Brown, se disculp\u00f3 p\u00fablicamente en nombre del gobierno brit\u00e1nico por \u00abla forma espantosa en la que Turing hab\u00eda sido tratado\u00bb. La reina Isabel II le otorg\u00f3 un indulto p\u00f3stumo en 2013. El t\u00e9rmino \u00abley Alan Turing\u00bb ahora se usa de manera informal para referirse a una ley de 2017 en el Reino Unido que perdona retroactivamente a hombres amonestados o condenados en virtud de la legislaci\u00f3n que prohib\u00eda los actos homosexuales.7\u200b  Turing tiene un extenso legado con estatuas y muchas cosas que llevan su nombre, incluido un\u00a0premio anual por innovaci\u00f3n en inform\u00e1tica. Aparece en el billete actual de 50\u00a0libras\u00a0del\u00a0Banco de Inglaterra,8\u200b que se lanz\u00f3 el 23 de junio de 2021, coincidiendo con su cumplea\u00f1os. Un programa de la\u00a0BBC\u00a0de 2019, votado por la audiencia, lo nombr\u00f3 la persona m\u00e1s grande del siglo\u00a0xx.9  Fuente Wikipedia","og_url":"https:\/\/ns-gold.com\/index.php\/product\/inglaterra-50-libras-2010-alan-turing-p393b\/","article_modified_time":"2024-12-09T01:37:04+00:00","og_image":[{"width":1280,"height":1280,"url":"https:\/\/ns-gold.com\/wp-content\/uploads\/2024\/07\/Damian-Billetes-013Logo-Doble-.jpg","type":"image\/jpeg"}],"twitter_card":"summary_large_image","twitter_misc":{"Tiempo de lectura":"1 minuto"},"schema":{"@context":"https:\/\/schema.org","@graph":[{"@type":"WebPage","@id":"https:\/\/ns-gold.com\/index.php\/product\/inglaterra-50-libras-2010-alan-turing-p393b\/","url":"https:\/\/ns-gold.com\/index.php\/product\/inglaterra-50-libras-2010-alan-turing-p393b\/","name":"Inglaterra 50 Libras 2020 Alan Turing P#397 -","isPartOf":{"@id":"https:\/\/ns-gold.com\/#website"},"primaryImageOfPage":{"@id":"https:\/\/ns-gold.com\/index.php\/product\/inglaterra-50-libras-2010-alan-turing-p393b\/#primaryimage"},"image":{"@id":"https:\/\/ns-gold.com\/index.php\/product\/inglaterra-50-libras-2010-alan-turing-p393b\/#primaryimage"},"thumbnailUrl":"https:\/\/ns-gold.com\/wp-content\/uploads\/2024\/07\/Damian-Billetes-013Logo-Doble-.jpg","datePublished":"2024-07-06T02:36:07+00:00","dateModified":"2024-12-09T01:37:04+00:00","breadcrumb":{"@id":"https:\/\/ns-gold.com\/index.php\/product\/inglaterra-50-libras-2010-alan-turing-p393b\/#breadcrumb"},"inLanguage":"es","potentialAction":[{"@type":"ReadAction","target":["https:\/\/ns-gold.com\/index.php\/product\/inglaterra-50-libras-2010-alan-turing-p393b\/"]}]},{"@type":"ImageObject","inLanguage":"es","@id":"https:\/\/ns-gold.com\/index.php\/product\/inglaterra-50-libras-2010-alan-turing-p393b\/#primaryimage","url":"https:\/\/ns-gold.com\/wp-content\/uploads\/2024\/07\/Damian-Billetes-013Logo-Doble-.jpg","contentUrl":"https:\/\/ns-gold.com\/wp-content\/uploads\/2024\/07\/Damian-Billetes-013Logo-Doble-.jpg","width":1280,"height":1280},{"@type":"BreadcrumbList","@id":"https:\/\/ns-gold.com\/index.php\/product\/inglaterra-50-libras-2010-alan-turing-p393b\/#breadcrumb","itemListElement":[{"@type":"ListItem","position":1,"name":"Portada","item":"https:\/\/ns-gold.com\/"},{"@type":"ListItem","position":2,"name":"Tienda","item":"https:\/\/ns-gold.com\/index.php\/shop\/"},{"@type":"ListItem","position":3,"name":"Inglaterra 50 Libras 2020 Alan Turing P#397"}]},{"@type":"WebSite","@id":"https:\/\/ns-gold.com\/#website","url":"https:\/\/ns-gold.com\/","name":"","description":"","potentialAction":[{"@type":"SearchAction","target":{"@type":"EntryPoint","urlTemplate":"https:\/\/ns-gold.com\/?s={search_term_string}"},"query-input":{"@type":"PropertyValueSpecification","valueRequired":true,"valueName":"search_term_string"}}],"inLanguage":"es"}]}},"jetpack_sharing_enabled":true,"_links":{"self":[{"href":"https:\/\/ns-gold.com\/index.php\/wp-json\/wp\/v2\/product\/2291","targetHints":{"allow":["GET"]}}],"collection":[{"href":"https:\/\/ns-gold.com\/index.php\/wp-json\/wp\/v2\/product"}],"about":[{"href":"https:\/\/ns-gold.com\/index.php\/wp-json\/wp\/v2\/types\/product"}],"wp:featuredmedia":[{"embeddable":true,"href":"https:\/\/ns-gold.com\/index.php\/wp-json\/wp\/v2\/media\/2265"}],"wp:attachment":[{"href":"https:\/\/ns-gold.com\/index.php\/wp-json\/wp\/v2\/media?parent=2291"}],"wp:term":[{"taxonomy":"product_brand","embeddable":true,"href":"https:\/\/ns-gold.com\/index.php\/wp-json\/wp\/v2\/product_brand?post=2291"},{"taxonomy":"product_cat","embeddable":true,"href":"https:\/\/ns-gold.com\/index.php\/wp-json\/wp\/v2\/product_cat?post=2291"},{"taxonomy":"product_tag","embeddable":true,"href":"https:\/\/ns-gold.com\/index.php\/wp-json\/wp\/v2\/product_tag?post=2291"}],"curies":[{"name":"wp","href":"https:\/\/api.w.org\/{rel}","templated":true}]}}